9, 8861
What are the prime factors of 92993?
92993
What are the prime factors of 680702?
2, 11, 30941
List the prime factors of 46705.
5, 9341
What are the prime factors of 137506?
2, 197, 349
What are the prime factors of 7483486?
2, 3741743
What are the prime factors of 230454?
2, 3, 7, 31, 59
What are the prime factors of 2161149?
3, 23, 31321
What are the prime factors of 18135001?
251, 72251
What are the prime factors of 1762598?
2, 31, 28429
List the prime factors of 5364191.
7, 766313
List the prime factors of 253479.
3, 19, 4447
What are the prime factors of 38029?
17, 2237
What are the prime factors of 953943?
3, 379, 839
List the prime factors of 6576870.
2, 3, 5, 211, 1039
What are the prime factors of 8944861?
23, 37, 457
What are the prime factors of 258683?
167, 1549
List the prime factors of 58966.
2, 29483
What are the prime factors of 1699559?
167, 10177
List the prime factors of 263750.
2, 5, 211
List the prime factors of 1227396.
2, 3, 29, 3527
What are the prime factors of 108723?
3, 36241
List the prime factors of 30319506.
2, 3, 7, 240631
List the prime factors of 337334.
2, 151, 1117
List the prime factors of 452425.
5, 18097
List the prime factors of 2025211.
2025211
What are the prime factors of 280655?
5, 56131
What are the prime factors of 2260219?
13, 37, 127
List the prime factors of 183285.
3, 5, 4073
What are the prime factors of 2357108?
2, 13, 45329
What are the prime factors of 8802144?
2, 3, 13, 2351
List the prime factors of 3407578.
2, 43, 39623
List the prime factors of 14099252.
2, 809, 4357
List the prime factors of 419617.
11, 37, 1031
What are the prime factors of 1978791?
3, 659597
What are the prime factors of 88128?
2, 3, 17
List the prime factors of 236056.
2, 19, 1553
List the prime factors of 223541.
31, 7211
List the prime factors of 299684.
2, 7, 11, 139
What are the prime factors of 3485882?
2, 1742941
What are the prime factors of 2261121?
3, 753707
List the prime factors of 1631529.
3, 60427
List the prime factors of 25222825.
5, 1008913
List the prime factors of 847292.
2, 31, 6833
What are the prime factors of 4855579?
4855579
What are the prime factors of 17308592?
2, 7, 29, 73
List the prime factors of 13812368.
2, 457, 1889
List the prime factors of 1176102.
2, 3, 223, 293
List the prime factors of 295476.
2, 3, 24623
What are the prime factors of 458633?
7, 65519
What are the prime factors of 448473?
3, 149491
List the prime factors of 493705.
5, 293, 337
List the prime factors of 1082125.
5, 11, 787
List the prime factors of 783050.
2, 5, 15661
List the prime factors of 245263.
59, 4157
What are the prime factors of 7659464?
2, 957433
List the prime factors of 24313615.
5, 41, 118603
List the prime factors of 106553.
127, 839
List the prime factors of 2465615.
5, 493123
What are the prime factors of 1589874?
2, 3, 11, 13, 17, 109
What are the prime factors of 38676?
2, 3, 11, 293
What are the prime factors of 551709?
3, 59, 1039
What are the prime factors of 6595115?
5, 1319023
List the prime factors of 15182738.
2, 7591369
What are the prime factors of 2198542?
2, 17, 64663
List the prime factors of 1168747.
19, 137, 449
What are the prime factors of 135493?
23, 43, 137
List the prime factors of 820910.
2, 5, 103, 797
List the prime factors of 11051115.
3, 5, 736741
List the prime factors of 472484.
2, 41, 43, 67
List the prime factors of 223924.
2, 17, 37, 89
What are the prime factors of 12688598?
2, 13, 41, 11903
List the prime factors of 5048384.
2, 11, 71, 101
What are the prime factors of 1874014?
2, 937007
What are the prime factors of 171247?
19, 9013
What are the prime factors of 2560153?
23, 79, 1409
What are the prime factors of 4662820?
2, 5, 233141
List the prime factors of 408281.
557, 733
List the prime factors of 12766786.
2, 29, 43, 5119
What are the prime factors of 442023?
3, 147341
List the prime factors of 623004.
2, 3, 193, 269
List the prime factors of 269583.
3, 23, 3907
List the prime factors of 4323368.
2, 7, 41, 269
What are the prime factors of 4439542?
2, 2219771
List the prime factors of 89614.
2, 7, 37, 173
List the prime factors of 1186954.
2, 541, 1097
What are the prime factors of 322598?
2, 23, 7013
What are the prime factors of 5953678?
2, 47, 63337
What are the prime factors of 11013072?
2, 3, 7, 73, 449
What are the prime factors of 105151?
71, 1481
What are the prime factors of 1758148?
2, 7, 62791
List the prime factors of 5854797.
3, 13, 163, 307
List the prime factors of 2032784.
2, 13, 29, 337
List the prime factors of 6772786.
2, 3386393
What are the prime factors of 14360342?
2, 17, 422363
What are the prime factors of 3099350?
2, 5, 61987
What are the prime factors of 19593708?
2, 3, 1632809
List the prime factors of 259484.
2, 64871
List the prime factors of 285511.
53, 5387
List the prime factors of 1481767.
7, 211681
What are the prime factors of 580734?
2, 3, 7, 11, 419
What are the prime factors of 40077?
3, 61, 73
What are the prime factors of 5317636?
2, 1153
What are the prime factors of 2321650?
2, 5, 59, 787
What are the prime factors of 2990151?
3, 457, 727
List the prime factors of 7533426.
2, 3, 109, 11519
What are the prime factors of 190180?
2, 5, 37, 257
What are the prime factors of 4350624?
2, 3, 45319
What are the prime factors of 98408?
2, 12301
List the prime factors of 179001.
3, 19889
List the prime factors of 284505.
3, 5, 13, 1459
List the prime factors of 2666800.
2, 5, 59, 113
List the prime factors of 5340.
2, 3, 5, 89
What are the prime factors of 77025?
3, 5, 13, 79
List the prime factors of 2164498.
2, 7, 349, 443
What are the prime factors of 26272?
2, 821
What are the prime factors of 1620103?
1620103
List the prime factors of 9334031.
7, 269, 4957
What are the prime factors of 4439374?
2, 877, 2531
What are the prime factors of 1036336?
2, 7, 19, 487
List the prime factors of 144533.
19, 7607
List the prime factors of 2863331.
2863331
What are the prime factors of 1764446?
2, 293, 3011
What are the prime factors of 3631974?
2, 3, 605329
What are the prime factors of 588356?
2, 147089
What are the prime factors of 2722433?
7, 29, 13411
What are the prime factors of 134715?
3, 5, 7, 1283
List the prime factors of 2554513.
13, 196501
What are the prime factors of 15433991?
587, 26293
What are the prime factors of 12894373?
109, 118297
List the prime factors of 1963937.
271, 7247
List the prime factors of 1536492.
2, 3, 19, 23, 293
List the prime factors of 2811141.
3, 312349
List the prime factors of 135574.
2, 53, 1279
List the prime factors of 6088444.
2, 1522111
List the prime factors of 3126907.
7, 37, 12073
List the prime factors of 1773516.
2, 3, 147793
What are the prime factors of 393054?
2, 3, 109, 601
What are the prime factors of 756883?
509, 1487
What are the prime factors of 48116?
2, 23, 523
List the prime factors of 202865.
5, 13, 3121
What are the prime factors of 11245725?
3, 5, 151, 331
What are the prime factors of 24409322?
2, 7, 1743523
What are the prime factors of 63178?
2, 31, 1019
What are the prime factors of 1458185?
5, 59, 4943
List the prime factors of 340454.
2, 170227
What are the prime factors of 2009944?
2, 17, 14779
List the prime factors of 5818186.
2, 11, 264463
List the prime factors of 13577177.
79, 171863
What are the prime factors of 303907?
303907
What are the prime factors of 3468167?
3468167
What are the prime factors of 13033802?
2, 6516901
What are the prime factors of 2657387?
911, 2917
What are the prime factors of 2365063?
19, 124477
List the prime factors of 459042.
2, 3, 76507
What are the prime factors of 4369847?
1319, 3313
List the prime factors of 527659.
11, 47969
List the prime factors of 13703.
71, 193
List the prime factors of 14735706.
2, 3, 157, 15643
List the prime factors of 2659829.
19, 139991
List the prime factors of 116490.
2, 3, 5, 11, 353
List the prime factors of 68849.
11, 569
What are the prime factors of 601607?
601607
List the prime factors of 470713.
17, 27689
What are the prime factors of 293999?
293999
List the prime factors of 3198790.
2, 5, 7, 45697
What are the prime factors of 15962169?
3, 53, 100391
What are the prime factors of 441126?
2, 3, 7, 389
List the prime factors of 18472374.
2, 3, 191, 199
What are the prime facto